{"id":653,"date":"2025-11-07T14:41:51","date_gmt":"2025-11-07T14:41:51","guid":{"rendered":"https:\/\/filtercontrolperu.com\/?page_id=653"},"modified":"2025-11-07T14:41:51","modified_gmt":"2025-11-07T14:41:51","slug":"proteccion-y-seguridad-epps","status":"publish","type":"page","link":"https:\/\/filtercontrolperu.com\/index.php\/proteccion-y-seguridad-epps\/","title":{"rendered":"Proteccion y Seguridad EPPS"},"content":{"rendered":"\n<p>En Filter Control Per\u00fa, entendemos que la seguridad del personal es una prioridad. Por ello, ofrecemos una amplia gama de equipos de protecci\u00f3n personal (EPPs) dise\u00f1ados para diferentes industrias, desde la manufactura y construcci\u00f3n hasta laboratorios y plantas de tratamiento.<br>Nuestros productos cumplen con normas internacionales (ANSI, NIOSH, EN) y aseguran una protecci\u00f3n confiable frente a riesgos mec\u00e1nicos, qu\u00edmicos, biol\u00f3gicos y ambientales.<\/p>\n\n\n\n<figure class=\"wp-block-image size-full\"><img loading=\"lazy\" decoding=\"async\" width=\"666\" height=\"579\" src=\"https:\/\/filtercontrolperu.com\/wp-content\/uploads\/2025\/11\/Imagen-de-WhatsApp-2025-11-07-a-las-09.41.31_e8cb9294.jpg\" alt=\"\" class=\"wp-image-654\" srcset=\"https:\/\/filtercontrolperu.com\/wp-content\/uploads\/2025\/11\/Imagen-de-WhatsApp-2025-11-07-a-las-09.41.31_e8cb9294.jpg 666w, https:\/\/filtercontrolperu.com\/wp-content\/uploads\/2025\/11\/Imagen-de-WhatsApp-2025-11-07-a-las-09.41.31_e8cb9294-300x261.jpg 300w\" sizes=\"(max-width: 666px) 100vw, 666px\" \/><\/figure>\n","protected":false},"excerpt":{"rendered":"<p>En Filter Control Per\u00fa, entendemos que la seguridad del personal es una prioridad. Por ello, ofrecemos una amplia gama de equipos de protecci\u00f3n personal (EPPs) dise\u00f1ados para diferentes industrias, desde la manufactura y construcci\u00f3n hasta laboratorios y plantas de tratamiento.Nuestros productos cumplen con normas internacionales (ANSI, NIOSH, EN) y aseguran una protecci\u00f3n confiable frente a <a href=\"https:\/\/filtercontrolperu.com\/index.php\/proteccion-y-seguridad-epps\/\" rel=\"nofollow\"><span class=\"sr-only\">Read more about Proteccion y Seguridad EPPS<\/span>[&hellip;]<\/a><\/p>\n","protected":false},"author":1,"featured_media":0,"parent":0,"menu_order":0,"comment_status":"closed","ping_status":"closed","template":"","meta":{"footnotes":""},"_links":{"self":[{"href":"https:\/\/filtercontrolperu.com\/index.php\/wp-json\/wp\/v2\/pages\/653"}],"collection":[{"href":"https:\/\/filtercontrolperu.com\/index.php\/wp-json\/wp\/v2\/pages"}],"about":[{"href":"https:\/\/filtercontrolperu.com\/index.php\/wp-json\/wp\/v2\/types\/page"}],"author":[{"embeddable":true,"href":"https:\/\/filtercontrolperu.com\/index.php\/wp-json\/wp\/v2\/users\/1"}],"replies":[{"embeddable":true,"href":"https:\/\/filtercontrolperu.com\/index.php\/wp-json\/wp\/v2\/comments?post=653"}],"version-history":[{"count":1,"href":"https:\/\/filtercontrolperu.com\/index.php\/wp-json\/wp\/v2\/pages\/653\/revisions"}],"predecessor-version":[{"id":655,"href":"https:\/\/filtercontrolperu.com\/index.php\/wp-json\/wp\/v2\/pages\/653\/revisions\/655"}],"wp:attachment":[{"href":"https:\/\/filtercontrolperu.com\/index.php\/wp-json\/wp\/v2\/media?parent=653"}],"curies":[{"name":"wp","href":"https:\/\/api.w.org\/{rel}","templated":true}]}}