{"id":73,"date":"2018-12-30T16:55:45","date_gmt":"2018-12-30T16:55:45","guid":{"rendered":"https:\/\/filtercontrolperu.com\/?page_id=73"},"modified":"2020-02-04T20:13:31","modified_gmt":"2020-02-04T20:13:31","slug":"cartuchos-filtrantes-para-agua","status":"publish","type":"page","link":"https:\/\/filtercontrolperu.com\/index.php\/cartuchos-filtrantes-para-agua\/","title":{"rendered":"Cartuchos Filtrantes para Agua"},"content":{"rendered":"<p><img loading=\"lazy\" decoding=\"async\" class=\"alignnone wp-image-243 size-full\" src=\"http:\/\/filtercontrolperu.com\/wp-content\/uploads\/2019\/02\/aguu.png\" alt=\"\" width=\"1255\" height=\"261\" srcset=\"https:\/\/filtercontrolperu.com\/wp-content\/uploads\/2019\/02\/aguu.png 1255w, https:\/\/filtercontrolperu.com\/wp-content\/uploads\/2019\/02\/aguu-300x62.png 300w, https:\/\/filtercontrolperu.com\/wp-content\/uploads\/2019\/02\/aguu-768x160.png 768w, https:\/\/filtercontrolperu.com\/wp-content\/uploads\/2019\/02\/aguu-1024x213.png 1024w\" sizes=\"(max-width: 1255px) 100vw, 1255px\" \/><\/p>\n<ul>\n<li>\n<h2>Cartucho Filtrante CMBF Graver Technologies &#8211; USA<\/h2>\n<\/li>\n<\/ul>\n<h2><img loading=\"lazy\" decoding=\"async\" class=\"wp-image-130 aligncenter\" src=\"http:\/\/filtercontrolperu.com\/wp-content\/uploads\/2019\/01\/CMBF-BANER-300x72.png\" alt=\"\" width=\"770\" height=\"185\" srcset=\"https:\/\/filtercontrolperu.com\/wp-content\/uploads\/2019\/01\/CMBF-BANER-300x72.png 300w, https:\/\/filtercontrolperu.com\/wp-content\/uploads\/2019\/01\/CMBF-BANER-768x184.png 768w, https:\/\/filtercontrolperu.com\/wp-content\/uploads\/2019\/01\/CMBF-BANER.png 895w\" sizes=\"(max-width: 770px) 100vw, 770px\" \/><\/h2>\n<div class=\"ezcol ezcol-two-third\">\n<h4>Crystal MBF<\/h4>\n<ul>\n<li><span class=\"\">Cartuchos filtrantes termofundidos 100% polypropileno<\/span><\/li>\n<li>Con nucleo reforzado<\/li>\n<li>Cumple con las regulaciones FDA para alimentos y bebidas<\/li>\n<li style=\"text-align: left;\">Disponibles de 1 hasta 75 micras<\/li>\n<li>Cuentan con certificados de Calidad<\/li>\n<\/ul>\n<\/div> <div class=\"ezcol ezcol-one-third ezcol-last\">\n<h4><span class=\"\">Aplicaciones T\u00edpicas<\/span><\/h4>\n<ul>\n<li>Prefiltracion Osmosis Inversa<\/li>\n<li>Alimentos y bebidas<\/li>\n<li>Soluciones acuosas<\/li>\n<li>Aguas residuales<\/li>\n<li>Productos qu\u00edmicos<\/li>\n<li>Tintas<\/li>\n<\/ul>\n<\/div><div class=\"ezcol-divider\"><\/div><\/p>\n<p style=\"text-align: center;\"><a href=\"https:\/\/www.gravertech.com\/product-lines\/liquid-process-filters\/depth-filters\/crystal-mbf-series-economical-melt-blown-depth-filter-cartridges\/crystal-mbf-series-data-sheet\/\"><img loading=\"lazy\" decoding=\"async\" class=\"alignnone wp-image-276\" src=\"http:\/\/filtercontrolperu.com\/wp-content\/uploads\/2019\/03\/descarga-300x95.jpg\" alt=\"\" width=\"221\" height=\"70\" srcset=\"https:\/\/filtercontrolperu.com\/wp-content\/uploads\/2019\/03\/descarga-300x95.jpg 300w, https:\/\/filtercontrolperu.com\/wp-content\/uploads\/2019\/03\/descarga.jpg 399w\" sizes=\"(max-width: 221px) 100vw, 221px\" \/><\/a><\/p>\n<p>&nbsp;<\/p>\n<p>&nbsp;<\/p>\n<ul>\n<li>\n<h2>Cartucho Filtrante Stratum C Graver Technologies &#8211; USA<\/h2>\n<\/li>\n<\/ul>\n<p><img loading=\"lazy\" decoding=\"async\" class=\"wp-image-124 aligncenter\" src=\"http:\/\/filtercontrolperu.com\/wp-content\/uploads\/2018\/12\/stratum-baner-300x78.png\" alt=\"\" width=\"791\" height=\"206\" srcset=\"https:\/\/filtercontrolperu.com\/wp-content\/uploads\/2018\/12\/stratum-baner-300x78.png 300w, https:\/\/filtercontrolperu.com\/wp-content\/uploads\/2018\/12\/stratum-baner-768x200.png 768w, https:\/\/filtercontrolperu.com\/wp-content\/uploads\/2018\/12\/stratum-baner-1024x266.png 1024w, https:\/\/filtercontrolperu.com\/wp-content\/uploads\/2018\/12\/stratum-baner.png 1054w\" sizes=\"(max-width: 791px) 100vw, 791px\" \/><\/p>\n<div class=\"ezcol ezcol-two-third\">\n<h4>Stratum C<\/h4>\n<ul>\n<li><span class=\"\">Cartuchos filtrantes termofundidos de polypropileno\u00a0100% virgen, filtraci\u00f3n en profundidad<\/span><\/li>\n<li>Eficiente remoci\u00f3n al 90<span class=\"\">%\u00a0<\/span><\/li>\n<li>Desde 0.5 a 75 micras<\/li>\n<li>Cuentan con certificados de Calidad<\/li>\n<\/ul>\n<\/div> <div class=\"ezcol ezcol-one-third ezcol-last\">\n<h4><span class=\"\">Aplicaciones T\u00edpicas<\/span><\/h4>\n<ul>\n<li>Alimentos y bebidas<\/li>\n<li>Aguas<\/li>\n<li>Productos qu\u00edmicos<\/li>\n<li>Farmac\u00e9uticos fluidos<\/li>\n<li>Tintas<\/li>\n<\/ul>\n<\/div><div class=\"ezcol-divider\"><\/div><\/p>\n<p style=\"text-align: center;\"><a href=\"https:\/\/www.gravertech.com\/product-lines\/liquid-process-filters\/depth-filters\/stratum-c-series-high-performance-melt-blown-filter-cartridges\/stratum-c-series-high-performance-melt-blown-filter-cartridges-data-sheet\/\"><img loading=\"lazy\" decoding=\"async\" class=\"alignnone wp-image-276\" src=\"http:\/\/filtercontrolperu.com\/wp-content\/uploads\/2019\/03\/descarga-300x95.jpg\" alt=\"\" width=\"221\" height=\"70\" srcset=\"https:\/\/filtercontrolperu.com\/wp-content\/uploads\/2019\/03\/descarga-300x95.jpg 300w, https:\/\/filtercontrolperu.com\/wp-content\/uploads\/2019\/03\/descarga.jpg 399w\" sizes=\"(max-width: 221px) 100vw, 221px\" \/><\/a><\/p>\n<p>&nbsp;<\/p>\n<p>&nbsp;<\/p>\n<ul>\n<li>\n<h2>Cartucho Filtrante ZTEC B Graver Technologies &#8211; USA<\/h2>\n<\/li>\n<\/ul>\n<p><img loading=\"lazy\" decoding=\"async\" class=\"wp-image-125 aligncenter\" src=\"http:\/\/filtercontrolperu.com\/wp-content\/uploads\/2018\/12\/ztc-b-baner-300x78.png\" alt=\"\" width=\"792\" height=\"206\" srcset=\"https:\/\/filtercontrolperu.com\/wp-content\/uploads\/2018\/12\/ztc-b-baner-300x78.png 300w, https:\/\/filtercontrolperu.com\/wp-content\/uploads\/2018\/12\/ztc-b-baner-768x200.png 768w, https:\/\/filtercontrolperu.com\/wp-content\/uploads\/2018\/12\/ztc-b-baner-1024x266.png 1024w, https:\/\/filtercontrolperu.com\/wp-content\/uploads\/2018\/12\/ztc-b-baner.png 1054w\" sizes=\"(max-width: 792px) 100vw, 792px\" \/><\/p>\n<div class=\"ezcol ezcol-two-third\">\n<h4>ZTEC B<\/h4>\n<ul>\n<li>Membrana plisada Polyestersulfona (PES)<\/li>\n<li>Reduccion de carga biologia en bebidas<\/li>\n<li>Autoclave son de integridad comprobable y vaporizables para garantizar un servicio confiable en aplicaciones criticas<\/li>\n<li>Tama\u00f1o de poro, lote y numero de serie impreso en cada filtro para su identificacion\u00a0 trazabilidad<\/li>\n<li>Disponible en 0.2, 0.45, 0.65 en 10&#8243; 20&#8243; 30&#8243;<\/li>\n<li>Conexion M3, M7 y DOE<\/li>\n<\/ul>\n<\/div> <div class=\"ezcol ezcol-one-third ezcol-last\">\n<h4><span class=\"\">Aplicaciones T\u00edpicas<\/span><\/h4>\n<ul>\n<li>Agua embotellada<\/li>\n<li>Jugos<\/li>\n<li>Soluciones Oftalmicas<\/li>\n<\/ul>\n<\/div><div class=\"ezcol-divider\"><\/div><\/p>\n<p style=\"text-align: center;\"><a href=\"https:\/\/www.gravertech.com\/product-lines\/liquid-process-filters\/membrane-filters\/ztec-b-series\/ztec-series-b-data-sheet\/\"><img loading=\"lazy\" decoding=\"async\" class=\"alignnone wp-image-276\" src=\"http:\/\/filtercontrolperu.com\/wp-content\/uploads\/2019\/03\/descarga-300x95.jpg\" alt=\"\" width=\"221\" height=\"70\" srcset=\"https:\/\/filtercontrolperu.com\/wp-content\/uploads\/2019\/03\/descarga-300x95.jpg 300w, https:\/\/filtercontrolperu.com\/wp-content\/uploads\/2019\/03\/descarga.jpg 399w\" sizes=\"(max-width: 221px) 100vw, 221px\" \/><\/a><\/p>\n<p>&nbsp;<\/p>\n<ul>\n<li>\n<h2>Cartucho Alto Caudal de\u00a0 Graver Technologies &#8211; USA<\/h2>\n<\/li>\n<\/ul>\n<p><img loading=\"lazy\" decoding=\"async\" class=\"wp-image-143 aligncenter\" src=\"http:\/\/filtercontrolperu.com\/wp-content\/uploads\/2019\/01\/HIGTH-FLOW-baner-300x83.png\" alt=\"\" width=\"1350\" height=\"374\" srcset=\"https:\/\/filtercontrolperu.com\/wp-content\/uploads\/2019\/01\/HIGTH-FLOW-baner-300x83.png 300w, https:\/\/filtercontrolperu.com\/wp-content\/uploads\/2019\/01\/HIGTH-FLOW-baner-768x212.png 768w, https:\/\/filtercontrolperu.com\/wp-content\/uploads\/2019\/01\/HIGTH-FLOW-baner.png 894w\" sizes=\"(max-width: 1350px) 100vw, 1350px\" \/><\/p>\n<div class=\"ezcol ezcol-two-third\">\n<h4>Alto Caudal<\/h4>\n<ul>\n<li>Los filtros de Alto Caudal permiten un cambio de filtro mas r\u00e1pido y f\u00e1cil<\/li>\n<li>Llegan a un caudal de 500 GPM (galones por minuto) por un elemento filtrante de 60&#8243;<\/li>\n<li>Construidos con polipropileno y aprobados por FDA<\/li>\n<li>Retenci\u00f3n absoluta de 1 a 100 micras<\/li>\n<li>Disponible en 20&#8243; 40&#8243; y 60&#8243;<\/li>\n<\/ul>\n<\/div> <div class=\"ezcol ezcol-one-third ezcol-last\">\n<h4><span class=\"\">Aplicaciones T\u00edpicas<\/span><\/h4>\n<ul>\n<li>Sistemas de agua<\/li>\n<li>Alimentos y bebidas<\/li>\n<li>Pre Osmosis Inversas<\/li>\n<li>Quimicos<\/li>\n<\/ul>\n<\/div><div class=\"ezcol-divider\"><\/div><\/p>\n<p><a href=\"https:\/\/www.gravertech.com\/product-lines\/liquid-process-filters\/pleated-filters\/high-flow-series\/high-flow-series-data-sheet1\/\"><img loading=\"lazy\" decoding=\"async\" class=\"aligncenter wp-image-276\" src=\"http:\/\/filtercontrolperu.com\/wp-content\/uploads\/2019\/03\/descarga-300x95.jpg\" alt=\"\" width=\"221\" height=\"70\" srcset=\"https:\/\/filtercontrolperu.com\/wp-content\/uploads\/2019\/03\/descarga-300x95.jpg 300w, https:\/\/filtercontrolperu.com\/wp-content\/uploads\/2019\/03\/descarga.jpg 399w\" sizes=\"(max-width: 221px) 100vw, 221px\" \/><\/a><\/p>\n<p>&nbsp;<\/p>\n<ul>\n<li>\n<h2>Cartucho <strong>Serie WaterTEC &#x2122; <\/strong> \u00a0Graver Technologies &#8211; USA<\/h2>\n<\/li>\n<\/ul>\n<p><img loading=\"lazy\" decoding=\"async\" class=\"alignnone wp-image-270\" src=\"http:\/\/filtercontrolperu.com\/wp-content\/uploads\/2019\/03\/WATERTEC-300x72.png\" alt=\"\" width=\"1213\" height=\"291\" srcset=\"https:\/\/filtercontrolperu.com\/wp-content\/uploads\/2019\/03\/WATERTEC-300x72.png 300w, https:\/\/filtercontrolperu.com\/wp-content\/uploads\/2019\/03\/WATERTEC-768x183.png 768w, https:\/\/filtercontrolperu.com\/wp-content\/uploads\/2019\/03\/WATERTEC.png 897w\" sizes=\"(max-width: 1213px) 100vw, 1213px\" \/><\/p>\n<div class=\"ezcol ezcol-two-third\">\n<h4>WaterTEC &#x2122;<\/h4>\n<ul>\n<li>Cartuchos de filtro plisados de membrana de polietersulfona econ\u00f3micos<\/li>\n<li>Excelentes caudales y altos rendimientos<\/li>\n<li>Clasificaci\u00f3n de retenci\u00f3n absoluta de 0,05 a 0,65 micrones<\/li>\n<li>Todos los herrajes de polipropileno<\/li>\n<li>La alta capacidad de retenci\u00f3n de suciedad minimiza la frecuencia de cambio<\/li>\n<\/ul>\n<\/div> <div class=\"ezcol ezcol-one-third ezcol-last\">\n<h4><span class=\"\">Aplicaciones T\u00edpicas<\/span><\/h4>\n<ul>\n<li>Filtraci\u00f3n de agua en general<\/li>\n<li>\u00a0Agua industrial<\/li>\n<li>DI agua pre y post filtraci\u00f3n<\/li>\n<li>Filtraci\u00f3n absoluta rentable<\/li>\n<\/ul>\n<\/div><div class=\"ezcol-divider\"><\/div><\/p>\n<p><a href=\"https:\/\/www.gravertech.com\/product-lines\/liquid-process-filters\/membrane-filters\/watertec-series\/watertec-series-data-sheet\/\"><img loading=\"lazy\" decoding=\"async\" class=\"aligncenter wp-image-276\" src=\"http:\/\/filtercontrolperu.com\/wp-content\/uploads\/2019\/03\/descarga-300x95.jpg\" alt=\"\" width=\"221\" height=\"70\" srcset=\"https:\/\/filtercontrolperu.com\/wp-content\/uploads\/2019\/03\/descarga-300x95.jpg 300w, https:\/\/filtercontrolperu.com\/wp-content\/uploads\/2019\/03\/descarga.jpg 399w\" sizes=\"(max-width: 221px) 100vw, 221px\" \/><\/a><\/p>\n<p>&nbsp;<\/p>\n<ul>\n<li>\n<h2>Cartucho de Carb\u00f3n Activado\u00a0 &#8211; Shelco Filters<\/h2>\n<\/li>\n<\/ul>\n<p><img loading=\"lazy\" decoding=\"async\" class=\"wp-image-305 aligncenter\" src=\"http:\/\/filtercontrolperu.com\/wp-content\/uploads\/2019\/04\/shelco-carbono-300x83.png\" alt=\"\" width=\"1072\" height=\"296\" srcset=\"https:\/\/filtercontrolperu.com\/wp-content\/uploads\/2019\/04\/shelco-carbono-300x83.png 300w, https:\/\/filtercontrolperu.com\/wp-content\/uploads\/2019\/04\/shelco-carbono-768x212.png 768w, https:\/\/filtercontrolperu.com\/wp-content\/uploads\/2019\/04\/shelco-carbono.png 894w\" sizes=\"(max-width: 1072px) 100vw, 1072px\" \/><\/p>\n<div class=\"ezcol ezcol-two-third\">\n<h4>MicroSentry SCB Series<\/h4>\n<ul>\n<li><span class=\"\">Reducci\u00f3n de cloro, olores, sabor y qu\u00edmicos org\u00e1nicos<\/span><\/li>\n<li>Certificacion FDA<\/li>\n<\/ul>\n<\/div> <div class=\"ezcol ezcol-one-third ezcol-last\">\n<h4><span class=\"\">Aplicaciones T\u00edpicas<\/span><\/h4>\n<ul>\n<li>Ideal para uso en filtracion de agua, prefiltracion de RO<\/li>\n<\/ul>\n<\/div><div class=\"ezcol-divider\"><\/div><\/p>\n<p style=\"text-align: center;\"><a href=\"https:\/\/shelco.com\/wp-content\/uploads\/2015\/07\/SCB.pdf\"><img loading=\"lazy\" decoding=\"async\" class=\"alignnone wp-image-276\" src=\"http:\/\/filtercontrolperu.com\/wp-content\/uploads\/2019\/03\/descarga-300x95.jpg\" alt=\"\" width=\"221\" height=\"70\" srcset=\"https:\/\/filtercontrolperu.com\/wp-content\/uploads\/2019\/03\/descarga-300x95.jpg 300w, https:\/\/filtercontrolperu.com\/wp-content\/uploads\/2019\/03\/descarga.jpg 399w\" sizes=\"(max-width: 221px) 100vw, 221px\" \/><\/a><\/p>\n<ul>\n<li>\n<h2>Cartucho filtrante \u00a0de Polipropileno<\/h2>\n<\/li>\n<\/ul>\n<p><img loading=\"lazy\" decoding=\"async\" class=\"wp-image-326 aligncenter\" src=\"http:\/\/filtercontrolperu.com\/wp-content\/uploads\/2020\/02\/GWTB-BB-300x83.png\" alt=\"\" width=\"1031\" height=\"285\" srcset=\"https:\/\/filtercontrolperu.com\/wp-content\/uploads\/2020\/02\/GWTB-BB-300x83.png 300w, https:\/\/filtercontrolperu.com\/wp-content\/uploads\/2020\/02\/GWTB-BB-768x212.png 768w, https:\/\/filtercontrolperu.com\/wp-content\/uploads\/2020\/02\/GWTB-BB.png 894w\" sizes=\"(max-width: 1031px) 100vw, 1031px\" \/><\/p>\n<div class=\"ezcol ezcol-two-third\">\n<h4>GWTB BB SERIES<\/h4>\n<ul>\n<li>Una estructura de densidad gradiente proporciona baja ca\u00edda de presi\u00f3n y alta capacidad de retenci\u00f3n de suciedad.<\/li>\n<li style=\"list-style-type: none;\"><\/li>\n<li>Eficiencia de retenci\u00f3n al 80%.<\/li>\n<li style=\"list-style-type: none;\"><\/li>\n<li>Toda la construcci\u00f3n de polipropileno presenta excelente compatibilidad con una amplia gama de productos qu\u00edmicos<\/li>\n<li style=\"list-style-type: none;\"><\/li>\n<li>Resiste la descarga de contaminantes, incluso a presiones diferenciales elevadas.<\/li>\n<li>Los materiales de construcci\u00f3n cumplen con las normas de la FDA. Y regulaciones para uso en contacto con alimentos y bebidas como detallado en el C\u00f3digo de Regulaciones Federales de EE. UU.<\/li>\n<\/ul>\n<p>&nbsp;<\/p>\n<\/div> <div class=\"ezcol ezcol-one-third ezcol-last\">\n<\/div><div class=\"ezcol-divider\"><\/div><\/p>\n<p>&nbsp;<\/p>\n<p><a href=\"https:\/\/4ea61625un9q3qhhc33s2py2-wpengine.netdna-ssl.com\/wp-content\/uploads\/2019\/09\/GWTB-BB-Series-Water-Grade-Meltblown-Polypropylene-122319.pdf\"><img loading=\"lazy\" decoding=\"async\" class=\"aligncenter wp-image-276\" src=\"http:\/\/filtercontrolperu.com\/wp-content\/uploads\/2019\/03\/descarga-300x95.jpg\" alt=\"\" width=\"221\" height=\"70\" srcset=\"https:\/\/filtercontrolperu.com\/wp-content\/uploads\/2019\/03\/descarga-300x95.jpg 300w, https:\/\/filtercontrolperu.com\/wp-content\/uploads\/2019\/03\/descarga.jpg 399w\" sizes=\"(max-width: 221px) 100vw, 221px\" \/><\/a><\/p>\n","protected":false},"excerpt":{"rendered":"<p>Cartucho Filtrante CMBF Graver Technologies &#8211; USA &nbsp; &nbsp; Cartucho Filtrante Stratum C Graver Technologies &#8211; USA &nbsp; &nbsp; Cartucho Filtrante ZTEC B Graver Technologies &#8211; USA &nbsp; Cartucho Alto Caudal de\u00a0 Graver Technologies &#8211; USA &nbsp; Cartucho Serie WaterTEC &#x2122; \u00a0Graver Technologies &#8211; USA &nbsp; Cartucho de Carb\u00f3n Activado\u00a0 &#8211; Shelco Filters Cartucho filtrante <a href=\"https:\/\/filtercontrolperu.com\/index.php\/cartuchos-filtrantes-para-agua\/\" rel=\"nofollow\"><span class=\"sr-only\">Read more about Cartuchos Filtrantes para Agua<\/span>[&hellip;]<\/a><\/p>\n","protected":false},"author":1,"featured_media":0,"parent":0,"menu_order":0,"comment_status":"closed","ping_status":"closed","template":"","meta":{"footnotes":""},"_links":{"self":[{"href":"https:\/\/filtercontrolperu.com\/index.php\/wp-json\/wp\/v2\/pages\/73"}],"collection":[{"href":"https:\/\/filtercontrolperu.com\/index.php\/wp-json\/wp\/v2\/pages"}],"about":[{"href":"https:\/\/filtercontrolperu.com\/index.php\/wp-json\/wp\/v2\/types\/page"}],"author":[{"embeddable":true,"href":"https:\/\/filtercontrolperu.com\/index.php\/wp-json\/wp\/v2\/users\/1"}],"replies":[{"embeddable":true,"href":"https:\/\/filtercontrolperu.com\/index.php\/wp-json\/wp\/v2\/comments?post=73"}],"version-history":[{"count":27,"href":"https:\/\/filtercontrolperu.com\/index.php\/wp-json\/wp\/v2\/pages\/73\/revisions"}],"predecessor-version":[{"id":322,"href":"https:\/\/filtercontrolperu.com\/index.php\/wp-json\/wp\/v2\/pages\/73\/revisions\/322"}],"wp:attachment":[{"href":"https:\/\/filtercontrolperu.com\/index.php\/wp-json\/wp\/v2\/media?parent=73"}],"curies":[{"name":"wp","href":"https:\/\/api.w.org\/{rel}","templated":true}]}}